{"id":9,"date":"2020-07-29T11:15:47","date_gmt":"2020-07-29T11:15:47","guid":{"rendered":"http:\/\/manu.fitness\/?page_id=9"},"modified":"2021-02-22T21:57:56","modified_gmt":"2021-02-22T21:57:56","slug":"fitnessmodelling","status":"publish","type":"page","link":"https:\/\/manu.fitness\/?page_id=9","title":{"rendered":"Fitness Model"},"content":{"rendered":"<div data-colibri-id=\"9-c1\" class=\"style-498 style-local-9-c1 position-relative\">\n  <!---->\n  <div data-colibri-component=\"section\" data-colibri-id=\"9-c2\" id=\"about\" class=\"h-section h-section-global-spacing d-flex align-items-lg-center align-items-md-center align-items-center style-499 style-local-9-c2 position-relative\">\n    <!---->\n    <!---->\n    <div class=\"h-section-grid-container h-section-boxed-container\">\n      <!---->\n      <div data-colibri-id=\"9-c3\" class=\"h-row-container gutters-row-lg-0 gutters-row-md-0 gutters-row-0 gutters-row-v-lg-0 gutters-row-v-md-0 gutters-row-v-0 style-500 style-local-9-c3 position-relative\">\n        <!---->\n        <div class=\"h-row justify-content-lg-center justify-content-md-center justify-content-center align-items-lg-stretch align-items-md-stretch align-items-stretch gutters-col-lg-0 gutters-col-md-0 gutters-col-0 gutters-col-v-lg-0 gutters-col-v-md-0 gutters-col-v-0\">\n          <!---->\n          <div class=\"h-column h-column-container d-flex h-col-lg-auto h-col-md-auto h-col-auto style-501-outer style-local-9-c4-outer\">\n            <div data-colibri-id=\"9-c4\" class=\"d-flex h-flex-basis h-column__inner h-ui-empty-state-container h-px-lg-0 h-px-md-0 h-px-0 v-inner-lg-0 v-inner-md-0 v-inner-0 style-501 style-local-9-c4 position-relative\">\n              <!---->\n              <!---->\n              <div class=\"w-100 h-y-container h-column__content h-column__v-align flex-basis-100\">\n                <!---->\n              <\/div>\n            <\/div>\n          <\/div>\n          <div class=\"h-column h-column-container d-flex h-col-lg-auto h-col-md-auto h-col-auto style-502-outer style-local-9-c5-outer\">\n            <div data-colibri-id=\"9-c5\" class=\"d-flex h-flex-basis h-column__inner h-px-lg-2 h-px-md-2 h-px-2 v-inner-lg-2 v-inner-md-2 v-inner-2 style-502 style-local-9-c5 position-relative\">\n              <!---->\n              <!---->\n              <div class=\"w-100 h-y-container h-column__content h-column__v-align flex-basis-100 align-self-lg-start align-self-md-start align-self-start\">\n                <!---->\n                <div data-colibri-id=\"9-c6\" class=\"h-global-transition-all h-heading style-503 style-local-9-c6 position-relative h-element\">\n                  <!---->\n                  <div class=\"h-heading__outer style-503 style-local-9-c6\">\n                    <!---->\n                    <!---->\n                    <h5 class=\"\">Ein Model wird f\u00fcr ein Shooting gesucht?<\/h5>\n                  <\/div>\n                <\/div>\n                <div data-colibri-id=\"9-c7\" class=\"h-global-transition-all h-heading style-504 style-local-9-c7 position-relative h-element\">\n                  <!---->\n                  <div class=\"h-heading__outer style-504 style-local-9-c7\">\n                    <!---->\n                    <!---->\n                    <h2 class=\"\">Gerade beim Modelling geht es um <em style=\"font-family: &quot;Playfair Display&quot;;\">Vertrauen und Verl\u00e4sslichkeit<\/em>.<\/h2>\n                  <\/div>\n                <\/div>\n                <div data-colibri-id=\"9-c8\" class=\"h-text h-text-component style-505 style-local-9-c8 position-relative h-element\">\n                  <!---->\n                  <!---->\n                  <div class=\"\">\n                    <p>Ich stehe auf Anfrage als Fotomodel zur Verf\u00fcgung &#8211; gegenseitige vorherige Absprachen sind die Voraussetzung.\n                      <br>Meine Konditionen variieren je nach Art des Shootings oder des Produkts, welches beworben werden soll.<\/p>\n                  <\/div>\n                <\/div>\n              <\/div>\n            <\/div>\n          <\/div>\n        <\/div>\n      <\/div>\n    <\/div>\n  <\/div>\n  <div data-colibri-component=\"section\" data-colibri-id=\"9-c9\" id=\"custom\" class=\"h-section h-section-global-spacing d-flex align-items-lg-center align-items-md-center align-items-center style-506 style-local-9-c9 position-relative\">\n    <!---->\n    <!---->\n    <div class=\"h-section-grid-container h-section-boxed-container\">\n      <!---->\n      <div data-colibri-id=\"9-c10\" class=\"h-row-container gutters-row-lg-2 gutters-row-md-2 gutters-row-0 gutters-row-v-lg-2 gutters-row-v-md-2 gutters-row-v-2 style-507 style-local-9-c10 position-relative\">\n        <!---->\n        <div class=\"h-row justify-content-lg-center justify-content-md-center justify-content-center align-items-lg-stretch align-items-md-stretch align-items-stretch gutters-col-lg-2 gutters-col-md-2 gutters-col-0 gutters-col-v-lg-2 gutters-col-v-md-2 gutters-col-v-2\">\n          <!---->\n          <div class=\"h-column h-column-container d-flex h-col-lg-auto h-col-md-auto h-col-auto style-508-outer style-local-9-c11-outer\">\n            <div data-colibri-id=\"9-c11\" class=\"d-flex h-flex-basis h-column__inner h-px-lg-2 h-px-md-2 h-px-2 v-inner-lg-2 v-inner-md-2 v-inner-2 style-508 style-local-9-c11 position-relative\">\n              <!---->\n              <!---->\n              <div class=\"w-100 h-y-container h-column__content h-column__v-align flex-basis-100 align-self-lg-start align-self-md-start align-self-start\">\n                <!---->\n                <div data-colibri-component=\"masonry\" data-colibri-id=\"9-c12\" class=\"h-photo-gallery margin-none caption-none style-509 style-local-9-c12 position-relative h-element\">\n                  <!---->\n                  <div class=\"h-global-transition-all\"><div id='colibri-9-c12' class='gallery-wrapper'>    <style type=\"text\/css\">\n\n        @media (min-width: 1023px) {        #colibri-9-c12        dl {\n            float: left;\n            width: 50% !important;\n            max-width: 50% !important;\n            min-width: 50% !important;\n        }\n\n        #colibri-9-c12        dl:nth-of-type(2n +1 ) {\n            clear: both;\n        }\n\n        }@media (min-width: 768px) and (max-width: 1023px) {        #colibri-9-c12        dl {\n            float: left;\n            width: 50% !important;\n            max-width: 50% !important;\n            min-width: 50% !important;\n        }\n\n        #colibri-9-c12        dl:nth-of-type(2n +1 ) {\n            clear: both;\n        }\n\n        }@media (max-width: 767px) {        #colibri-9-c12        dl {\n            float: left;\n            width: 50% !important;\n            max-width: 50% !important;\n            min-width: 50% !important;\n        }\n\n        #colibri-9-c12        dl:nth-of-type(2n +1 ) {\n            clear: both;\n        }\n\n        }\n        #colibri-9-c12        .gallery-item {\n            position: relative;\n        }\n\n        \n    <\/style>\n    <div   class='colibri-9-c12-dls-wrapper gallery-items-wrapper' ><dl class='gallery-item masonry-item'>\n\t\t\t<dt class='gallery-icon landscape'>\n\t\t\t\t<img loading=\"lazy\" decoding=\"async\"  width=\"300\" height=\"200\" src=\"https:\/\/manu.fitness\/wp-content\/uploads\/2021\/02\/DSC_2772-Bearbeitet-SW-300x200.jpg\"  class='colibri-9-c12-image' alt=\"\" srcset=\"https:\/\/manu.fitness\/wp-content\/uploads\/2021\/02\/DSC_2772-Bearbeitet-SW-300x200.jpg 300w, https:\/\/manu.fitness\/wp-content\/uploads\/2021\/02\/DSC_2772-Bearbeitet-SW-1024x683.jpg 1024w, https:\/\/manu.fitness\/wp-content\/uploads\/2021\/02\/DSC_2772-Bearbeitet-SW-768x512.jpg 768w, https:\/\/manu.fitness\/wp-content\/uploads\/2021\/02\/DSC_2772-Bearbeitet-SW-1536x1024.jpg 1536w, https:\/\/manu.fitness\/wp-content\/uploads\/2021\/02\/DSC_2772-Bearbeitet-SW-2048x1365.jpg 2048w\" sizes=\"auto, (max-width: 300px) 100vw, 300px\" \/>\n\t\t\t<\/dt><\/dl><dl class='gallery-item masonry-item'>\n\t\t\t<dt class='gallery-icon landscape'>\n\t\t\t\t<img loading=\"lazy\" decoding=\"async\"  width=\"300\" height=\"200\" src=\"https:\/\/manu.fitness\/wp-content\/uploads\/2021\/02\/DSC_0171-Bearbeitet-2-300x200.jpg\"  class='colibri-9-c12-image' alt=\"\" srcset=\"https:\/\/manu.fitness\/wp-content\/uploads\/2021\/02\/DSC_0171-Bearbeitet-2-300x200.jpg 300w, https:\/\/manu.fitness\/wp-content\/uploads\/2021\/02\/DSC_0171-Bearbeitet-2-1024x683.jpg 1024w, https:\/\/manu.fitness\/wp-content\/uploads\/2021\/02\/DSC_0171-Bearbeitet-2-768x512.jpg 768w, https:\/\/manu.fitness\/wp-content\/uploads\/2021\/02\/DSC_0171-Bearbeitet-2-1536x1024.jpg 1536w, https:\/\/manu.fitness\/wp-content\/uploads\/2021\/02\/DSC_0171-Bearbeitet-2-2048x1365.jpg 2048w\" sizes=\"auto, (max-width: 300px) 100vw, 300px\" \/>\n\t\t\t<\/dt><\/dl><dl class='gallery-item masonry-item'>\n\t\t\t<dt class='gallery-icon landscape'>\n\t\t\t\t<img loading=\"lazy\" decoding=\"async\"  width=\"300\" height=\"200\" src=\"https:\/\/manu.fitness\/wp-content\/uploads\/2021\/02\/ManuSW-ReifenGold-300x200.jpg\"  class='colibri-9-c12-image' alt=\"\" srcset=\"https:\/\/manu.fitness\/wp-content\/uploads\/2021\/02\/ManuSW-ReifenGold-300x200.jpg 300w, https:\/\/manu.fitness\/wp-content\/uploads\/2021\/02\/ManuSW-ReifenGold-1024x683.jpg 1024w, https:\/\/manu.fitness\/wp-content\/uploads\/2021\/02\/ManuSW-ReifenGold-768x512.jpg 768w, https:\/\/manu.fitness\/wp-content\/uploads\/2021\/02\/ManuSW-ReifenGold-1536x1025.jpg 1536w, https:\/\/manu.fitness\/wp-content\/uploads\/2021\/02\/ManuSW-ReifenGold-2048x1367.jpg 2048w\" sizes=\"auto, (max-width: 300px) 100vw, 300px\" \/>\n\t\t\t<\/dt><\/dl><dl class='gallery-item masonry-item'>\n\t\t\t<dt class='gallery-icon portrait'>\n\t\t\t\t<img loading=\"lazy\" decoding=\"async\"  width=\"200\" height=\"300\" src=\"https:\/\/manu.fitness\/wp-content\/uploads\/2021\/02\/ManuHolland-1-1-200x300.jpg\"  class='colibri-9-c12-image' alt=\"\" srcset=\"https:\/\/manu.fitness\/wp-content\/uploads\/2021\/02\/ManuHolland-1-1-200x300.jpg 200w, https:\/\/manu.fitness\/wp-content\/uploads\/2021\/02\/ManuHolland-1-1-683x1024.jpg 683w, https:\/\/manu.fitness\/wp-content\/uploads\/2021\/02\/ManuHolland-1-1-768x1152.jpg 768w, https:\/\/manu.fitness\/wp-content\/uploads\/2021\/02\/ManuHolland-1-1-1024x1536.jpg 1024w, https:\/\/manu.fitness\/wp-content\/uploads\/2021\/02\/ManuHolland-1-1-1365x2048.jpg 1365w, https:\/\/manu.fitness\/wp-content\/uploads\/2021\/02\/ManuHolland-1-1-scaled.jpg 1707w\" sizes=\"auto, (max-width: 200px) 100vw, 200px\" \/>\n\t\t\t<\/dt><\/dl><dl class='gallery-item masonry-item'>\n\t\t\t<dt class='gallery-icon landscape'>\n\t\t\t\t<img loading=\"lazy\" decoding=\"async\"  width=\"300\" height=\"127\" src=\"https:\/\/manu.fitness\/wp-content\/uploads\/2021\/02\/DSC_2840-Bearbeitet-sw-glowtif-1-300x127.jpg\"  class='colibri-9-c12-image' alt=\"\" srcset=\"https:\/\/manu.fitness\/wp-content\/uploads\/2021\/02\/DSC_2840-Bearbeitet-sw-glowtif-1-300x127.jpg 300w, https:\/\/manu.fitness\/wp-content\/uploads\/2021\/02\/DSC_2840-Bearbeitet-sw-glowtif-1-1024x433.jpg 1024w, https:\/\/manu.fitness\/wp-content\/uploads\/2021\/02\/DSC_2840-Bearbeitet-sw-glowtif-1-768x325.jpg 768w, https:\/\/manu.fitness\/wp-content\/uploads\/2021\/02\/DSC_2840-Bearbeitet-sw-glowtif-1-1536x650.jpg 1536w, https:\/\/manu.fitness\/wp-content\/uploads\/2021\/02\/DSC_2840-Bearbeitet-sw-glowtif-1-2048x866.jpg 2048w\" sizes=\"auto, (max-width: 300px) 100vw, 300px\" \/>\n\t\t\t<\/dt><\/dl><dl class='gallery-item masonry-item'>\n\t\t\t<dt class='gallery-icon portrait'>\n\t\t\t\t<img loading=\"lazy\" decoding=\"async\"  width=\"200\" height=\"300\" src=\"https:\/\/manu.fitness\/wp-content\/uploads\/2021\/02\/ManusChoiceSchule-32-von-45-200x300.jpg\"  class='colibri-9-c12-image' alt=\"\" srcset=\"https:\/\/manu.fitness\/wp-content\/uploads\/2021\/02\/ManusChoiceSchule-32-von-45-200x300.jpg 200w, https:\/\/manu.fitness\/wp-content\/uploads\/2021\/02\/ManusChoiceSchule-32-von-45-683x1024.jpg 683w, https:\/\/manu.fitness\/wp-content\/uploads\/2021\/02\/ManusChoiceSchule-32-von-45-768x1152.jpg 768w, https:\/\/manu.fitness\/wp-content\/uploads\/2021\/02\/ManusChoiceSchule-32-von-45-1024x1536.jpg 1024w, https:\/\/manu.fitness\/wp-content\/uploads\/2021\/02\/ManusChoiceSchule-32-von-45-1365x2048.jpg 1365w, https:\/\/manu.fitness\/wp-content\/uploads\/2021\/02\/ManusChoiceSchule-32-von-45-scaled.jpg 1707w\" sizes=\"auto, (max-width: 200px) 100vw, 200px\" \/>\n\t\t\t<\/dt><\/dl><dl class='gallery-item masonry-item'>\n\t\t\t<dt class='gallery-icon portrait'>\n\t\t\t\t<img loading=\"lazy\" decoding=\"async\"  width=\"200\" height=\"300\" src=\"https:\/\/manu.fitness\/wp-content\/uploads\/2021\/02\/ManusChoiceSchule-31-von-45-200x300.jpg\"  class='colibri-9-c12-image' alt=\"\" srcset=\"https:\/\/manu.fitness\/wp-content\/uploads\/2021\/02\/ManusChoiceSchule-31-von-45-200x300.jpg 200w, https:\/\/manu.fitness\/wp-content\/uploads\/2021\/02\/ManusChoiceSchule-31-von-45-683x1024.jpg 683w, https:\/\/manu.fitness\/wp-content\/uploads\/2021\/02\/ManusChoiceSchule-31-von-45-768x1152.jpg 768w, https:\/\/manu.fitness\/wp-content\/uploads\/2021\/02\/ManusChoiceSchule-31-von-45-1024x1536.jpg 1024w, https:\/\/manu.fitness\/wp-content\/uploads\/2021\/02\/ManusChoiceSchule-31-von-45-1365x2048.jpg 1365w, https:\/\/manu.fitness\/wp-content\/uploads\/2021\/02\/ManusChoiceSchule-31-von-45-scaled.jpg 1707w\" sizes=\"auto, (max-width: 200px) 100vw, 200px\" \/>\n\t\t\t<\/dt><\/dl><dl class='gallery-item masonry-item'>\n\t\t\t<dt class='gallery-icon landscape'>\n\t\t\t\t<img loading=\"lazy\" decoding=\"async\"  width=\"300\" height=\"200\" src=\"https:\/\/manu.fitness\/wp-content\/uploads\/2021\/02\/DSC_2856-Blue1-300x200.jpg\"  class='colibri-9-c12-image' alt=\"\" srcset=\"https:\/\/manu.fitness\/wp-content\/uploads\/2021\/02\/DSC_2856-Blue1-300x200.jpg 300w, https:\/\/manu.fitness\/wp-content\/uploads\/2021\/02\/DSC_2856-Blue1-1024x683.jpg 1024w, https:\/\/manu.fitness\/wp-content\/uploads\/2021\/02\/DSC_2856-Blue1-768x512.jpg 768w, https:\/\/manu.fitness\/wp-content\/uploads\/2021\/02\/DSC_2856-Blue1-1536x1024.jpg 1536w, https:\/\/manu.fitness\/wp-content\/uploads\/2021\/02\/DSC_2856-Blue1-2048x1366.jpg 2048w\" sizes=\"auto, (max-width: 300px) 100vw, 300px\" \/>\n\t\t\t<\/dt><\/dl><dl class='gallery-item masonry-item'>\n\t\t\t<dt class='gallery-icon portrait'>\n\t\t\t\t<img loading=\"lazy\" decoding=\"async\"  width=\"200\" height=\"300\" src=\"https:\/\/manu.fitness\/wp-content\/uploads\/2021\/02\/ManusChoiceSchule-1-von-45-200x300.jpg\"  class='colibri-9-c12-image' alt=\"\" srcset=\"https:\/\/manu.fitness\/wp-content\/uploads\/2021\/02\/ManusChoiceSchule-1-von-45-200x300.jpg 200w, https:\/\/manu.fitness\/wp-content\/uploads\/2021\/02\/ManusChoiceSchule-1-von-45-683x1024.jpg 683w, https:\/\/manu.fitness\/wp-content\/uploads\/2021\/02\/ManusChoiceSchule-1-von-45-768x1152.jpg 768w, https:\/\/manu.fitness\/wp-content\/uploads\/2021\/02\/ManusChoiceSchule-1-von-45-1024x1536.jpg 1024w, https:\/\/manu.fitness\/wp-content\/uploads\/2021\/02\/ManusChoiceSchule-1-von-45-1365x2048.jpg 1365w, https:\/\/manu.fitness\/wp-content\/uploads\/2021\/02\/ManusChoiceSchule-1-von-45-scaled.jpg 1707w\" sizes=\"auto, (max-width: 200px) 100vw, 200px\" \/>\n\t\t\t<\/dt><\/dl><dl class='gallery-item masonry-item'>\n\t\t\t<dt class='gallery-icon landscape'>\n\t\t\t\t<img loading=\"lazy\" decoding=\"async\"  width=\"300\" height=\"200\" src=\"https:\/\/manu.fitness\/wp-content\/uploads\/2021\/02\/DSC_2853-mystical-1-300x200.jpg\"  class='colibri-9-c12-image' alt=\"\" srcset=\"https:\/\/manu.fitness\/wp-content\/uploads\/2021\/02\/DSC_2853-mystical-1-300x200.jpg 300w, https:\/\/manu.fitness\/wp-content\/uploads\/2021\/02\/DSC_2853-mystical-1-1024x683.jpg 1024w, https:\/\/manu.fitness\/wp-content\/uploads\/2021\/02\/DSC_2853-mystical-1-768x512.jpg 768w, https:\/\/manu.fitness\/wp-content\/uploads\/2021\/02\/DSC_2853-mystical-1-1536x1024.jpg 1536w, https:\/\/manu.fitness\/wp-content\/uploads\/2021\/02\/DSC_2853-mystical-1-2048x1365.jpg 2048w\" sizes=\"auto, (max-width: 300px) 100vw, 300px\" \/>\n\t\t\t<\/dt><\/dl>\n\t\t\t\n\t\t<\/div>\n<style>#colibri-9-c12 .wp-caption-text.gallery-caption{display:none;}<\/style><\/div><\/div>\n                <\/div>\n              <\/div>\n            <\/div>\n          <\/div>\n        <\/div>\n      <\/div>\n    <\/div>\n  <\/div>\n<\/div>","protected":false},"excerpt":{"rendered":"<p>Ein Model wird f\u00fcr ein Shooting gesucht? Gerade beim Modelling geht es um Vertrauen und Verl\u00e4sslichkeit. Ich stehe auf Anfrage als Fotomodel zur Verf\u00fcgung &#8211; gegenseitige vorherige Absprachen sind die Voraussetzung. Meine Konditionen variieren je nach Art des Shootings oder des Produkts, welches beworben werden soll.<\/p>\n","protected":false},"author":1,"featured_media":0,"parent":0,"menu_order":0,"comment_status":"closed","ping_status":"closed","template":"page-templates\/full-width-page.php","meta":{"footnotes":""},"class_list":["post-9","page","type-page","status-publish","hentry"],"yoast_head":"<!-- This site is optimized with the Yoast SEO plugin v25.8 - https:\/\/yoast.com\/wordpress\/plugins\/seo\/ -->\n<title>Fitness Model - Manu Fit One<\/title>\n<meta name=\"robots\" content=\"index, follow, max-snippet:-1, max-image-preview:large, max-video-preview:-1\" \/>\n<link rel=\"canonical\" href=\"https:\/\/manu.fitness\/?page_id=9\" \/>\n<meta property=\"og:locale\" content=\"de_DE\" \/>\n<meta property=\"og:type\" content=\"article\" \/>\n<meta property=\"og:title\" content=\"Fitness Model - Manu Fit One\" \/>\n<meta property=\"og:description\" content=\"Ein Model wird f\u00fcr ein Shooting gesucht? Gerade beim Modelling geht es um Vertrauen und Verl\u00e4sslichkeit. Ich stehe auf Anfrage als Fotomodel zur Verf\u00fcgung &#8211; gegenseitige vorherige Absprachen sind die Voraussetzung. Meine Konditionen variieren je nach Art des Shootings oder des Produkts, welches beworben werden soll.\" \/>\n<meta property=\"og:url\" content=\"https:\/\/manu.fitness\/?page_id=9\" \/>\n<meta property=\"og:site_name\" content=\"Manu Fit One\" \/>\n<meta property=\"article:modified_time\" content=\"2021-02-22T21:57:56+00:00\" \/>\n<meta name=\"twitter:card\" content=\"summary_large_image\" \/>\n<script type=\"application\/ld+json\" class=\"yoast-schema-graph\">{\"@context\":\"https:\/\/schema.org\",\"@graph\":[{\"@type\":\"WebPage\",\"@id\":\"https:\/\/manu.fitness\/?page_id=9\",\"url\":\"https:\/\/manu.fitness\/?page_id=9\",\"name\":\"Fitness Model - Manu Fit One\",\"isPartOf\":{\"@id\":\"https:\/\/manu.fitness\/#website\"},\"datePublished\":\"2020-07-29T11:15:47+00:00\",\"dateModified\":\"2021-02-22T21:57:56+00:00\",\"breadcrumb\":{\"@id\":\"https:\/\/manu.fitness\/?page_id=9#breadcrumb\"},\"inLanguage\":\"de\",\"potentialAction\":[{\"@type\":\"ReadAction\",\"target\":[\"https:\/\/manu.fitness\/?page_id=9\"]}]},{\"@type\":\"BreadcrumbList\",\"@id\":\"https:\/\/manu.fitness\/?page_id=9#breadcrumb\",\"itemListElement\":[{\"@type\":\"ListItem\",\"position\":1,\"name\":\"Startseite\",\"item\":\"https:\/\/manu.fitness\/\"},{\"@type\":\"ListItem\",\"position\":2,\"name\":\"Fitness Model\"}]},{\"@type\":\"WebSite\",\"@id\":\"https:\/\/manu.fitness\/#website\",\"url\":\"https:\/\/manu.fitness\/\",\"name\":\"Manu Fit One\",\"description\":\"Ern\u00e4hrungsberatung und Fitness\",\"publisher\":{\"@id\":\"https:\/\/manu.fitness\/#\/schema\/person\/b468aac5c6b4aafa5aba61819353c431\"},\"potentialAction\":[{\"@type\":\"SearchAction\",\"target\":{\"@type\":\"EntryPoint\",\"urlTemplate\":\"https:\/\/manu.fitness\/?s={search_term_string}\"},\"query-input\":{\"@type\":\"PropertyValueSpecification\",\"valueRequired\":true,\"valueName\":\"search_term_string\"}}],\"inLanguage\":\"de\"},{\"@type\":[\"Person\",\"Organization\"],\"@id\":\"https:\/\/manu.fitness\/#\/schema\/person\/b468aac5c6b4aafa5aba61819353c431\",\"name\":\"Fitness\",\"image\":{\"@type\":\"ImageObject\",\"inLanguage\":\"de\",\"@id\":\"https:\/\/manu.fitness\/#\/schema\/person\/image\/\",\"url\":\"https:\/\/manu.fitness\/wp-content\/uploads\/2021\/02\/cropped-manu-logo-neu.png\",\"contentUrl\":\"https:\/\/manu.fitness\/wp-content\/uploads\/2021\/02\/cropped-manu-logo-neu.png\",\"width\":1625,\"height\":1664,\"caption\":\"Fitness\"},\"logo\":{\"@id\":\"https:\/\/manu.fitness\/#\/schema\/person\/image\/\"}}]}<\/script>\n<!-- \/ Yoast SEO plugin. -->","yoast_head_json":{"title":"Fitness Model - Manu Fit One","robots":{"index":"index","follow":"follow","max-snippet":"max-snippet:-1","max-image-preview":"max-image-preview:large","max-video-preview":"max-video-preview:-1"},"canonical":"https:\/\/manu.fitness\/?page_id=9","og_locale":"de_DE","og_type":"article","og_title":"Fitness Model - Manu Fit One","og_description":"Ein Model wird f\u00fcr ein Shooting gesucht? Gerade beim Modelling geht es um Vertrauen und Verl\u00e4sslichkeit. Ich stehe auf Anfrage als Fotomodel zur Verf\u00fcgung &#8211; gegenseitige vorherige Absprachen sind die Voraussetzung. Meine Konditionen variieren je nach Art des Shootings oder des Produkts, welches beworben werden soll.","og_url":"https:\/\/manu.fitness\/?page_id=9","og_site_name":"Manu Fit One","article_modified_time":"2021-02-22T21:57:56+00:00","twitter_card":"summary_large_image","schema":{"@context":"https:\/\/schema.org","@graph":[{"@type":"WebPage","@id":"https:\/\/manu.fitness\/?page_id=9","url":"https:\/\/manu.fitness\/?page_id=9","name":"Fitness Model - Manu Fit One","isPartOf":{"@id":"https:\/\/manu.fitness\/#website"},"datePublished":"2020-07-29T11:15:47+00:00","dateModified":"2021-02-22T21:57:56+00:00","breadcrumb":{"@id":"https:\/\/manu.fitness\/?page_id=9#breadcrumb"},"inLanguage":"de","potentialAction":[{"@type":"ReadAction","target":["https:\/\/manu.fitness\/?page_id=9"]}]},{"@type":"BreadcrumbList","@id":"https:\/\/manu.fitness\/?page_id=9#breadcrumb","itemListElement":[{"@type":"ListItem","position":1,"name":"Startseite","item":"https:\/\/manu.fitness\/"},{"@type":"ListItem","position":2,"name":"Fitness Model"}]},{"@type":"WebSite","@id":"https:\/\/manu.fitness\/#website","url":"https:\/\/manu.fitness\/","name":"Manu Fit One","description":"Ern\u00e4hrungsberatung und Fitness","publisher":{"@id":"https:\/\/manu.fitness\/#\/schema\/person\/b468aac5c6b4aafa5aba61819353c431"},"potentialAction":[{"@type":"SearchAction","target":{"@type":"EntryPoint","urlTemplate":"https:\/\/manu.fitness\/?s={search_term_string}"},"query-input":{"@type":"PropertyValueSpecification","valueRequired":true,"valueName":"search_term_string"}}],"inLanguage":"de"},{"@type":["Person","Organization"],"@id":"https:\/\/manu.fitness\/#\/schema\/person\/b468aac5c6b4aafa5aba61819353c431","name":"Fitness","image":{"@type":"ImageObject","inLanguage":"de","@id":"https:\/\/manu.fitness\/#\/schema\/person\/image\/","url":"https:\/\/manu.fitness\/wp-content\/uploads\/2021\/02\/cropped-manu-logo-neu.png","contentUrl":"https:\/\/manu.fitness\/wp-content\/uploads\/2021\/02\/cropped-manu-logo-neu.png","width":1625,"height":1664,"caption":"Fitness"},"logo":{"@id":"https:\/\/manu.fitness\/#\/schema\/person\/image\/"}}]}},"_links":{"self":[{"href":"https:\/\/manu.fitness\/index.php?rest_route=\/wp\/v2\/pages\/9","targetHints":{"allow":["GET"]}}],"collection":[{"href":"https:\/\/manu.fitness\/index.php?rest_route=\/wp\/v2\/pages"}],"about":[{"href":"https:\/\/manu.fitness\/index.php?rest_route=\/wp\/v2\/types\/page"}],"author":[{"embeddable":true,"href":"https:\/\/manu.fitness\/index.php?rest_route=\/wp\/v2\/users\/1"}],"replies":[{"embeddable":true,"href":"https:\/\/manu.fitness\/index.php?rest_route=%2Fwp%2Fv2%2Fcomments&post=9"}],"version-history":[{"count":8,"href":"https:\/\/manu.fitness\/index.php?rest_route=\/wp\/v2\/pages\/9\/revisions"}],"predecessor-version":[{"id":837,"href":"https:\/\/manu.fitness\/index.php?rest_route=\/wp\/v2\/pages\/9\/revisions\/837"}],"wp:attachment":[{"href":"https:\/\/manu.fitness\/index.php?rest_route=%2Fwp%2Fv2%2Fmedia&parent=9"}],"curies":[{"name":"wp","href":"https:\/\/api.w.org\/{rel}","templated":true}]}}